[INFO] fetching crate pallet-contracts-rpc 0.8.0-rc6...
[INFO] checking pallet-contracts-rpc-0.8.0-rc6 against try#72f88fc4e9458f89516a0b8b0868f3718aec5b47 for pr-74989
[INFO] extracting crate pallet-contracts-rpc 0.8.0-rc6 into /workspace/builds/worker-13/source
[INFO] validating manifest of crates.io crate pallet-contracts-rpc 0.8.0-rc6 on toolchain 72f88fc4e9458f89516a0b8b0868f3718aec5b47
[INFO] running `Command { std: "/workspace/cargo-home/bin/cargo" "+72f88fc4e9458f89516a0b8b0868f3718aec5b47" "read-manifest" "--manifest-path" "Cargo.toml", kill_on_drop: false }`
[INFO] started tweaking crates.io crate pallet-contracts-rpc 0.8.0-rc6
[INFO] finished tweaking crates.io crate pallet-contracts-rpc 0.8.0-rc6
[INFO] tweaked toml for crates.io crate pallet-contracts-rpc 0.8.0-rc6 written to /workspace/builds/worker-13/source/Cargo.toml
[INFO] running `Command { std: "/workspace/cargo-home/bin/cargo" "+72f88fc4e9458f89516a0b8b0868f3718aec5b47" "generate-lockfile" "--manifest-path" "Cargo.toml" "-Zno-index-update", kill_on_drop: false }`
[INFO] running `Command { std: "/workspace/cargo-home/bin/cargo" "+72f88fc4e9458f89516a0b8b0868f3718aec5b47" "fetch" "--locked" "--manifest-path" "Cargo.toml", kill_on_drop: false }`
[INFO] [stderr]  Downloading crates ...
[INFO] [stderr]   Downloaded pallet-contracts-rpc-runtime-api v0.8.0-rc6
[INFO] running `Command { std: "docker" "create" "-v" "/var/lib/crater-agent-workspace/builds/worker-13/target:/opt/rustwide/target:rw,Z" "-v" "/var/lib/crater-agent-workspace/builds/worker-13/source:/opt/rustwide/workdir:ro,Z" "-v" "/var/lib/crater-agent-workspace/cargo-home:/opt/rustwide/cargo-home:ro,Z" "-v" "/var/lib/crater-agent-workspace/rustup-home:/opt/rustwide/rustup-home:ro,Z" "-e" "SOURCE_DIR=/opt/rustwide/workdir" "-e" "CARGO_TARGET_DIR=/opt/rustwide/target" "-e" "CARGO_HOME=/opt/rustwide/cargo-home" "-e" "RUSTUP_HOME=/opt/rustwide/rustup-home" "-w" "/opt/rustwide/workdir" "-m" "1610612736" "--user" "0:0" "--network" "none" "rustops/crates-build-env@sha256:d92eaeed33fa75130ca1ee6c8a01d1ffb62bac859dfdfb3450e3e5d1c0146529" "/opt/rustwide/cargo-home/bin/cargo" "+72f88fc4e9458f89516a0b8b0868f3718aec5b47" "metadata" "--no-deps" "--format-version=1", kill_on_drop: false }`
[INFO] [stdout] 1250821aa77fce61b459317a65b456322c5692c945d718b9c1134f65b34e026a
[INFO] [stderr] WARNING: Your kernel does not support swap limit capabilities or the cgroup is not mounted. Memory limited without swap.
[INFO] running `Command { std: "docker" "start" "-a" "1250821aa77fce61b459317a65b456322c5692c945d718b9c1134f65b34e026a", kill_on_drop: false }`
[INFO] running `Command { std: "docker" "inspect" "1250821aa77fce61b459317a65b456322c5692c945d718b9c1134f65b34e026a", kill_on_drop: false }`
[INFO] running `Command { std: "docker" "rm" "-f" "1250821aa77fce61b459317a65b456322c5692c945d718b9c1134f65b34e026a", kill_on_drop: false }`
[INFO] [stdout] 1250821aa77fce61b459317a65b456322c5692c945d718b9c1134f65b34e026a
[INFO] running `Command { std: "docker" "create" "-v" "/var/lib/crater-agent-workspace/builds/worker-13/target:/opt/rustwide/target:rw,Z" "-v" "/var/lib/crater-agent-workspace/builds/worker-13/source:/opt/rustwide/workdir:ro,Z" "-v" "/var/lib/crater-agent-workspace/cargo-home:/opt/rustwide/cargo-home:ro,Z" "-v" "/var/lib/crater-agent-workspace/rustup-home:/opt/rustwide/rustup-home:ro,Z" "-e" "SOURCE_DIR=/opt/rustwide/workdir" "-e" "CARGO_TARGET_DIR=/opt/rustwide/target" "-e" "CARGO_INCREMENTAL=0" "-e" "RUST_BACKTRACE=full" "-e" "RUSTFLAGS=--cap-lints=forbid" "-e" "CARGO_HOME=/opt/rustwide/cargo-home" "-e" "RUSTUP_HOME=/opt/rustwide/rustup-home" "-w" "/opt/rustwide/workdir" "-m" "1610612736" "--user" "0:0" "--network" "none" "rustops/crates-build-env@sha256:d92eaeed33fa75130ca1ee6c8a01d1ffb62bac859dfdfb3450e3e5d1c0146529" "/opt/rustwide/cargo-home/bin/cargo" "+72f88fc4e9458f89516a0b8b0868f3718aec5b47" "check" "--frozen" "--all" "--all-targets" "--message-format=json", kill_on_drop: false }`
[INFO] [stderr] WARNING: Your kernel does not support swap limit capabilities or the cgroup is not mounted. Memory limited without swap.
[INFO] [stdout] c3bc2f833b04980bc0290cd618987ef5de272b096335d0f9fc0362a342e847cb
[INFO] running `Command { std: "docker" "start" "-a" "c3bc2f833b04980bc0290cd618987ef5de272b096335d0f9fc0362a342e847cb", kill_on_drop: false }`
[INFO] [stderr]     Checking futures-core v0.3.5
[INFO] [stderr]     Checking futures-io v0.3.5
[INFO] [stderr]     Checking futures-sink v0.3.5
[INFO] [stderr]     Checking either v1.6.0
[INFO] [stderr]     Checking block-padding v0.2.1
[INFO] [stderr]    Compiling wasm-bindgen-shared v0.2.68
[INFO] [stderr]    Compiling bumpalo v3.4.0
[INFO] [stderr]    Compiling wasm-bindgen v0.2.68
[INFO] [stderr]     Checking fnv v1.0.7
[INFO] [stderr]     Checking matches v0.1.8
[INFO] [stderr]     Checking pin-project-lite v0.1.7
[INFO] [stderr]     Checking itoa v0.4.6
[INFO] [stderr]    Compiling ppv-lite86 v0.2.9
[INFO] [stderr]    Compiling hashbrown v0.9.0
[INFO] [stderr]    Compiling bytes v0.5.6
[INFO] [stderr]     Checking spin v0.5.2
[INFO] [stderr]    Compiling cc v1.0.59
[INFO] [stderr]    Compiling fixedbitset v0.2.0
[INFO] [stderr]     Checking send_wrapper v0.4.0
[INFO] [stderr]    Compiling remove_dir_all v0.5.3
[INFO] [stderr]    Compiling multimap v0.8.2
[INFO] [stderr]    Compiling nodrop v0.1.14
[INFO] [stderr]    Compiling ryu v1.0.5
[INFO] [stderr]    Compiling constant_time_eq v0.1.5
[INFO] [stderr]     Checking unsigned-varint v0.4.0
[INFO] [stderr]     Checking unsigned-varint v0.5.1
[INFO] [stderr]     Checking percent-encoding v2.1.0
[INFO] [stderr]     Checking bs58 v0.3.1
[INFO] [stderr]    Compiling prometheus v0.9.0
[INFO] [stderr]    Compiling httparse v1.3.4
[INFO] [stderr]     Checking data-encoding v2.3.0
[INFO] [stderr]    Compiling serde_json v1.0.57
[INFO] [stderr]     Checking async-task v3.0.0
[INFO] [stderr]    Compiling autocfg v0.1.7
[INFO] [stderr]     Checking try-lock v0.2.3
[INFO] [stderr]     Checking scoped-tls v1.0.0
[INFO] [stderr]     Checking futures v0.1.29
[INFO] [stderr]     Checking tower-service v0.3.0
[INFO] [stderr]     Checking percent-encoding v1.0.1
[INFO] [stderr]     Checking atomic v0.4.6
[INFO] [stderr]    Compiling indexmap v1.6.0
[INFO] [stderr]    Compiling crossbeam-utils v0.7.2
[INFO] [stderr]     Checking blake2b_simd v0.5.10
[INFO] [stderr]     Checking blake2s_simd v0.5.10
[INFO] [stderr]     Checking unicode-bidi v0.3.4
[INFO] [stderr]     Checking futures-channel v0.3.5
[INFO] [stderr]    Compiling itertools v0.8.2
[INFO] [stderr]     Checking http v0.2.1
[INFO] [stderr]     Checking bitvec v0.17.4
[INFO] [stderr]     Checking itertools v0.9.0
[INFO] [stderr]    Compiling libc v0.2.77
[INFO] [stderr]     Checking log v0.4.11
[INFO] [stderr]    Compiling arrayvec v0.4.12
[INFO] [stderr]    Compiling anyhow v1.0.32
[INFO] [stderr]     Checking async-channel v1.4.2
[INFO] [stderr]     Checking multitask v0.2.0
[INFO] [stderr]     Checking socket2 v0.3.15
[INFO] [stderr]     Checking time v0.1.44
[INFO] [stderr]     Checking futures-lite v0.1.11
[INFO] [stderr]     Checking tokio v0.2.22
[INFO] [stderr]     Checking uint v0.8.5
[INFO] [stderr]     Checking idna v0.2.0
[INFO] [stderr]     Checking idna v0.1.5
[INFO] [stderr]    Compiling hashbrown v0.6.3
[INFO] [stderr]     Checking parking_lot v0.11.0
[INFO] [stderr]    Compiling blake2-rfc v0.2.18
[INFO] [stderr]     Checking sp-panic-handler v2.0.0-rc6
[INFO] [stderr]     Checking polling v0.1.9
[INFO] [stderr]     Checking kv-log-macro v1.0.7
[INFO] [stderr]     Checking want v0.3.0
[INFO] [stderr]     Checking block-buffer v0.7.3
[INFO] [stderr]     Checking trie-db v0.22.1
[INFO] [stderr]     Checking block-buffer v0.9.0
[INFO] [stderr]    Compiling getrandom v0.1.15
[INFO] [stderr]    Compiling which v3.1.1
[INFO] [stderr]    Compiling wasm-bindgen-backend v0.2.68
[INFO] [stderr]    Compiling thiserror-impl v1.0.20
[INFO] [stderr]    Compiling asn1_der_derive v0.1.2
[INFO] [stderr]    Compiling libp2p-core-derive v0.20.2
[INFO] [stderr]     Checking once_cell v1.4.1
[INFO] [stderr]     Checking pbkdf2 v0.3.0
[INFO] [stderr]     Checking sha2 v0.8.2
[INFO] [stderr]     Checking url v2.1.1
[INFO] [stderr]     Checking sha2 v0.9.1
[INFO] [stderr]     Checking sha3 v0.9.1
[INFO] [stderr]     Checking sha-1 v0.9.1
[INFO] [stderr]     Checking tracing v0.1.19
[INFO] [stderr]     Checking url v1.7.2
[INFO] [stderr]    Compiling prost-derive v0.6.1
[INFO] [stderr]    Compiling petgraph v0.5.1
[INFO] [stderr]    Compiling rand_core v0.5.1
[INFO] [stderr]    Compiling const-random-macro v0.1.8
[INFO] [stderr]    Compiling prost-build v0.6.1
[INFO] [stderr]     Checking zeroize v1.1.0
[INFO] [stderr]     Checking futures-task v0.3.5
[INFO] [stderr]     Checking async-io v0.1.11
[INFO] [stderr]     Checking blocking v0.5.2
[INFO] [stderr]     Checking fixed-hash v0.6.1
[INFO] [stderr]    Compiling ring v0.16.15
[INFO] [stderr]     Checking libsecp256k1 v0.3.5
[INFO] [stderr]     Checking sp-tracing v2.0.0-rc6
[INFO] [stderr]     Checking multihash v0.11.4
[INFO] [stderr]     Checking curve25519-dalek v3.0.0
[INFO] [stderr]     Checking curve25519-dalek v2.1.0
[INFO] [stderr]     Checking merlin v2.0.0
[INFO] [stderr]     Checking secrecy v0.6.0
[INFO] [stderr]     Checking tiny-bip39 v0.7.3
[INFO] [stderr]     Checking futures-util v0.3.5
[INFO] [stderr]    Compiling rand_chacha v0.2.2
[INFO] [stderr]    Compiling rand_pcg v0.2.1
[INFO] [stderr]     Checking http-body v0.3.1
[INFO] [stderr]     Checking async-executor v0.1.2
[INFO] [stderr]     Checking const-random v0.1.8
[INFO] [stderr]     Checking tokio-util v0.3.1
[INFO] [stderr]     Checking parity-multiaddr v0.9.2
[INFO] [stderr]    Compiling sp-api-proc-macro v2.0.0-rc6
[INFO] [stderr]    Compiling jsonrpc-derive v14.2.2
[INFO] [stderr]    Compiling wasm-bindgen-macro-support v0.2.68
[INFO] [stderr]     Checking asn1_der v0.6.3
[INFO] [stderr]     Checking ahash v0.2.18
[INFO] [stderr]     Checking parity-scale-codec v1.3.5
[INFO] [stderr]    Compiling rand v0.7.3
[INFO] [stderr]     Checking ed25519-dalek v1.0.0
[INFO] [stderr]     Checking schnorrkel v0.9.1
[INFO] [stderr]     Checking jsonrpc-core v14.2.0
[INFO] [stderr]     Checking lru v0.4.3
[INFO] [stderr]     Checking thiserror v1.0.20
[INFO] [stderr]     Checking substrate-bip39 v0.4.2
[INFO] [stderr]     Checking jsonrpc-pubsub v14.2.0
[INFO] [stderr]    Compiling wasm-bindgen-macro v0.2.68
[INFO] [stderr]    Compiling tempfile v3.1.0
[INFO] [stderr]     Checking jsonrpc-client-transports v14.2.1
[INFO] [stderr]    Compiling prost v0.6.1
[INFO] [stderr]     Checking jsonrpc-core-client v14.2.0
[INFO] [stderr]    Compiling prost-types v0.6.1
[INFO] [stderr]     Checking js-sys v0.3.45
[INFO] [stderr]     Checking futures-executor v0.3.5
[INFO] [stderr]     Checking h2 v0.2.6
[INFO] [stderr]     Checking futures v0.3.5
[INFO] [stderr]     Checking rw-stream-sink v0.2.1
[INFO] [stderr]     Checking multistream-select v0.8.2
[INFO] [stderr]     Checking wasm-timer v0.2.5
[INFO] [stderr]     Checking impl-codec v0.4.2
[INFO] [stderr]     Checking sp-storage v2.0.0-rc6
[INFO] [stderr]     Checking sp-wasm-interface v2.0.0-rc6
[INFO] [stderr]     Checking sp-arithmetic v2.0.0-rc6
[INFO] [stderr]     Checking primitive-types v0.7.2
[INFO] [stderr]     Checking sp-externalities v0.8.0-rc6
[INFO] [stderr]    Compiling libp2p-core v0.20.1
[INFO] [stderr]     Checking parity-util-mem v0.7.0
[INFO] [stderr]     Checking sp-runtime-interface v2.0.0-rc6
[INFO] [stderr]     Checking memory-db v0.24.1
[INFO] [stderr]     Checking kvdb v0.7.0
[INFO] [stderr]     Checking web-sys v0.3.45
[INFO] [stderr]     Checking sp-database v2.0.0-rc6
[INFO] [stderr]     Checking sp-core v2.0.0-rc6
[INFO] [stderr]     Checking hyper v0.13.7
[INFO] [stderr]     Checking gloo-timers v0.2.1
[INFO] [stderr]     Checking futures-timer v3.0.2
[INFO] [stderr]     Checking async-std v1.6.3
[INFO] [stderr]     Checking sp-utils v2.0.0-rc6
[INFO] [stderr]     Checking sp-trie v2.0.0-rc6
[INFO] [stderr]     Checking sp-inherents v2.0.0-rc6
[INFO] [stderr]     Checking sp-rpc v2.0.0-rc6
[INFO] [stderr]     Checking sp-state-machine v0.8.0-rc6
[INFO] [stderr]     Checking libp2p-swarm v0.20.1
[INFO] [stderr]     Checking sp-io v2.0.0-rc6
[INFO] [stderr]     Checking libp2p v0.23.0
[INFO] [stderr]     Checking substrate-prometheus-endpoint v0.8.0-rc6
[INFO] [stderr]     Checking sp-application-crypto v2.0.0-rc6
[INFO] [stderr]     Checking sp-runtime v2.0.0-rc6
[INFO] [stderr]     Checking sp-version v2.0.0-rc6
[INFO] [stderr]     Checking pallet-contracts-primitives v2.0.0-rc6
[INFO] [stderr]     Checking sp-api v2.0.0-rc6
[INFO] [stderr]     Checking sp-block-builder v2.0.0-rc6
[INFO] [stderr]     Checking sp-consensus v0.8.0-rc6
[INFO] [stderr]     Checking pallet-contracts-rpc-runtime-api v0.8.0-rc6
[INFO] [stderr]     Checking sp-blockchain v2.0.0-rc6
[INFO] [stderr]     Checking pallet-contracts-rpc v0.8.0-rc6 (/opt/rustwide/workdir)
[INFO] [stdout] error[E0433]: failed to resolve: use of undeclared type or module `serde_json`
[INFO] [stdout]    --> src/lib.rs:300:18
[INFO] [stdout]     |
[INFO] [stdout] 300 |         let req: Req = serde_json::from_str(r#"
[INFO] [stdout]     |                        ^^^^^^^^^^ use of undeclared type or module `serde_json`
[INFO] [stdout] 
[INFO] [stdout] 
[INFO] [stdout] error[E0433]: failed to resolve: use of undeclared type or module `serde_json`
[INFO] [stdout]    --> src/lib.rs:315:37
[INFO] [stdout]     |
[INFO] [stdout] 315 |             let res: RpcContractExecResult = serde_json::from_str(expected).unwrap();
[INFO] [stdout]     |                                              ^^^^^^^^^^ use of undeclared type or module `serde_json`
[INFO] [stdout] 
[INFO] [stdout] 
[INFO] [stdout] error[E0433]: failed to resolve: use of undeclared type or module `serde_json`
[INFO] [stdout]    --> src/lib.rs:316:17
[INFO] [stdout]     |
[INFO] [stdout] 316 |             let actual = serde_json::to_string(&res).unwrap();
[INFO] [stdout]     |                          ^^^^^^^^^^ use of undeclared type or module `serde_json`
[INFO] [stdout] 
[INFO] [stdout] 
[INFO] [stdout] error: aborting due to 3 previous errors
[INFO] [stdout] 
[INFO] [stdout] 
[INFO] [stdout] For more information about this error, try `rustc --explain E0433`.
[INFO] [stdout] 
[INFO] [stderr] error: could not compile `pallet-contracts-rpc`.
[INFO] [stderr] 
[INFO] [stderr] To learn more, run the command again with --verbose.
[INFO] [stderr] warning: build failed, waiting for other jobs to finish...
[INFO] [stderr] error: build failed
[INFO] running `Command { std: "docker" "inspect" "c3bc2f833b04980bc0290cd618987ef5de272b096335d0f9fc0362a342e847cb", kill_on_drop: false }`
[INFO] running `Command { std: "docker" "rm" "-f" "c3bc2f833b04980bc0290cd618987ef5de272b096335d0f9fc0362a342e847cb", kill_on_drop: false }`
[INFO] [stdout] c3bc2f833b04980bc0290cd618987ef5de272b096335d0f9fc0362a342e847cb
